{"id":2,"date":"2024-11-23T21:27:23","date_gmt":"2024-11-23T21:27:23","guid":{"rendered":"https:\/\/formmoules.fr\/?page_id=2"},"modified":"2024-11-30T17:08:13","modified_gmt":"2024-11-30T17:08:13","slug":"form-moules","status":"publish","type":"page","link":"https:\/\/formmoules.fr\/","title":{"rendered":"Form Moules"},"content":{"rendered":"\n<div class=\"wp-block-columns is-layout-flex wp-container-core-columns-is-layout-28f84493 wp-block-columns-is-layout-flex\">\n<div class=\"wp-block-column is-vertically-aligned-center is-layout-flow wp-block-column-is-layout-flow\">\n<figure class=\"wp-block-image aligncenter size-full\"><img loading=\"lazy\" decoding=\"async\" width=\"1024\" height=\"1024\" src=\"https:\/\/formmoules.fr\/wp-content\/uploads\/2024\/11\/97f7e2b9-f8da-4eb5-a56b-de8ecde00951.webp\" alt=\"\" class=\"wp-image-218\" srcset=\"https:\/\/formmoules.fr\/wp-content\/uploads\/2024\/11\/97f7e2b9-f8da-4eb5-a56b-de8ecde00951.webp 1024w, https:\/\/formmoules.fr\/wp-content\/uploads\/2024\/11\/97f7e2b9-f8da-4eb5-a56b-de8ecde00951-300x300.webp 300w, https:\/\/formmoules.fr\/wp-content\/uploads\/2024\/11\/97f7e2b9-f8da-4eb5-a56b-de8ecde00951-150x150.webp 150w, https:\/\/formmoules.fr\/wp-content\/uploads\/2024\/11\/97f7e2b9-f8da-4eb5-a56b-de8ecde00951-768x768.webp 768w, https:\/\/formmoules.fr\/wp-content\/uploads\/2024\/11\/97f7e2b9-f8da-4eb5-a56b-de8ecde00951-600x600.webp 600w, https:\/\/formmoules.fr\/wp-content\/uploads\/2024\/11\/97f7e2b9-f8da-4eb5-a56b-de8ecde00951-100x100.webp 100w\" sizes=\"auto, (max-width: 1024px) 100vw, 1024px\" \/><\/figure>\n<\/div>\n<\/div>\n\n\n\n<p><strong>Bienvenue sur Form Moules \u2013 L&rsquo;Art de l&rsquo;Acoustique et du Design<\/strong><\/p>\n\n\n\n<div class=\"wp-block-columns is-layout-flex wp-container-core-columns-is-layout-28f84493 wp-block-columns-is-layout-flex\">\n<div class=\"wp-block-column is-vertically-aligned-center is-layout-flow wp-block-column-is-layout-flow\">\n<figure class=\"wp-block-image aligncenter size-large is-resized\"><img loading=\"lazy\" decoding=\"async\" width=\"920\" height=\"1024\" src=\"https:\/\/formmoules.fr\/wp-content\/uploads\/2024\/11\/IMG_5618-920x1024.jpg\" alt=\"\" class=\"wp-image-75\" style=\"object-fit:cover;width:1300px;height:300px\" srcset=\"https:\/\/formmoules.fr\/wp-content\/uploads\/2024\/11\/IMG_5618-920x1024.jpg 920w, https:\/\/formmoules.fr\/wp-content\/uploads\/2024\/11\/IMG_5618-269x300.jpg 269w, https:\/\/formmoules.fr\/wp-content\/uploads\/2024\/11\/IMG_5618-768x855.jpg 768w, https:\/\/formmoules.fr\/wp-content\/uploads\/2024\/11\/IMG_5618-1380x1536.jpg 1380w, https:\/\/formmoules.fr\/wp-content\/uploads\/2024\/11\/IMG_5618-1839x2048.jpg 1839w, https:\/\/formmoules.fr\/wp-content\/uploads\/2024\/11\/IMG_5618-600x668.jpg 600w\" sizes=\"auto, (max-width: 920px) 100vw, 920px\" \/><\/figure>\n<\/div>\n<\/div>\n\n\n\n<p>Transformez vos espaces avec notre collection unique de <strong>panneaux acoustiques en bois<\/strong>, alliant efficacit\u00e9 sonore et esth\u00e9tique moderne. Sp\u00e9cialement con\u00e7us pour am\u00e9liorer le confort acoustique tout en apportant une touche \u00e9l\u00e9gante \u00e0 votre d\u00e9coration int\u00e9rieure, nos panneaux sont la solution id\u00e9ale pour tous types d\u2019environnements : <strong>bureaux, habitations, restaurants, espaces culturels et bien plus encore<\/strong>.<\/p>\n\n\n\n<p>Fabriqu\u00e9s \u00e0 partir de <strong>bois naturel<\/strong> (MDF) et dot\u00e9s d\u2019un fond en <strong>feutre acoustique<\/strong> (disponible en plusieurs coloris : noir, blanc, gris fonc\u00e9, beige), nos panneaux offrent une isolation phonique optimale et une finition soign\u00e9e. Avec des \u00e9paisseurs au choix (<strong>21 mm, 24 mm, 27 mm<\/strong>), ils s\u2019adaptent \u00e0 vos besoins et \u00e0 votre style.<\/p>\n\n\n\n<p><strong>Pourquoi nous choisir ?<\/strong><\/p>\n\n\n\n<ul class=\"wp-block-list\">\n<li><strong>Performance acoustique exceptionnelle<\/strong> : R\u00e9duction efficace des bruits pour des espaces paisibles.<\/li>\n\n\n\n<li><strong>Esth\u00e9tique raffin\u00e9e<\/strong> : Design moderne et mat\u00e9riaux de qualit\u00e9 sup\u00e9rieure.<\/li>\n\n\n\n<li><strong>Solutions sur mesure<\/strong> : Large choix de dimensions, couleurs et \u00e9paisseurs.<\/li>\n<\/ul>\n\n\n\n<p>Chez [Nom du site], nous combinons <strong>technologie acoustique avanc\u00e9e<\/strong> et <strong>mat\u00e9riaux respectueux de l\u2019environnement<\/strong> pour vous offrir des produits qui r\u00e9pondent \u00e0 vos exigences, tant sur le plan technique qu\u2019esth\u00e9tique.<\/p>\n\n\n\n<p>Explorez notre gamme d\u00e8s aujourd\u2019hui et donnez une nouvelle dimension \u00e0 vos espaces avec nos solutions acoustiques innovantes. <strong>Offrez \u00e0 votre int\u00e9rieur le calme et l\u2019\u00e9l\u00e9gance qu\u2019il m\u00e9rite.<\/strong><\/p>\n\n\n\n<div class=\"wp-block-columns is-layout-flex wp-container-core-columns-is-layout-28f84493 wp-block-columns-is-layout-flex\">\n<div class=\"wp-block-column is-layout-flow wp-block-column-is-layout-flow\">\n<figure class=\"wp-block-image size-large\"><img loading=\"lazy\" decoding=\"async\" width=\"768\" height=\"1024\" src=\"https:\/\/formmoules.fr\/wp-content\/uploads\/2024\/11\/WhatsApp-Image-2024-11-23-a-20.35.51_f9db2605-768x1024.jpg\" alt=\"\" class=\"wp-image-78\" srcset=\"https:\/\/formmoules.fr\/wp-content\/uploads\/2024\/11\/WhatsApp-Image-2024-11-23-a-20.35.51_f9db2605-768x1024.jpg 768w, https:\/\/formmoules.fr\/wp-content\/uploads\/2024\/11\/WhatsApp-Image-2024-11-23-a-20.35.51_f9db2605-225x300.jpg 225w, https:\/\/formmoules.fr\/wp-content\/uploads\/2024\/11\/WhatsApp-Image-2024-11-23-a-20.35.51_f9db2605-1152x1536.jpg 1152w, https:\/\/formmoules.fr\/wp-content\/uploads\/2024\/11\/WhatsApp-Image-2024-11-23-a-20.35.51_f9db2605-600x800.jpg 600w, https:\/\/formmoules.fr\/wp-content\/uploads\/2024\/11\/WhatsApp-Image-2024-11-23-a-20.35.51_f9db2605.jpg 1200w\" sizes=\"auto, (max-width: 768px) 100vw, 768px\" \/><\/figure>\n<\/div>\n\n\n\n<div class=\"wp-block-column is-layout-flow wp-block-column-is-layout-flow\">\n<figure class=\"wp-block-image size-large\"><img loading=\"lazy\" decoding=\"async\" width=\"768\" height=\"1024\" src=\"https:\/\/formmoules.fr\/wp-content\/uploads\/2024\/11\/WhatsApp-Image-2024-11-30-a-17.27.33_528725b7-768x1024.jpg\" alt=\"\" class=\"wp-image-198\" srcset=\"https:\/\/formmoules.fr\/wp-content\/uploads\/2024\/11\/WhatsApp-Image-2024-11-30-a-17.27.33_528725b7-768x1024.jpg 768w, https:\/\/formmoules.fr\/wp-content\/uploads\/2024\/11\/WhatsApp-Image-2024-11-30-a-17.27.33_528725b7-225x300.jpg 225w, https:\/\/formmoules.fr\/wp-content\/uploads\/2024\/11\/WhatsApp-Image-2024-11-30-a-17.27.33_528725b7-1152x1536.jpg 1152w, https:\/\/formmoules.fr\/wp-content\/uploads\/2024\/11\/WhatsApp-Image-2024-11-30-a-17.27.33_528725b7-600x800.jpg 600w, https:\/\/formmoules.fr\/wp-content\/uploads\/2024\/11\/WhatsApp-Image-2024-11-30-a-17.27.33_528725b7.jpg 1200w\" sizes=\"auto, (max-width: 768px) 100vw, 768px\" \/><\/figure>\n<\/div>\n<\/div>\n","protected":false},"excerpt":{"rendered":"<p>Bienvenue sur Form Moules \u2013 L&rsquo;Art de l&rsquo;Acoustique et du Design Transformez vos espaces avec notre collection unique de panneaux acoustiques en bois, alliant efficacit\u00e9 sonore et esth\u00e9tique moderne. Sp\u00e9cialement con\u00e7us pour am\u00e9liorer le confort acoustique tout en apportant une touche \u00e9l\u00e9gante \u00e0 votre d\u00e9coration int\u00e9rieure, nos panneaux sont la solution id\u00e9ale pour tous types [&hellip;]<\/p>\n","protected":false},"author":1,"featured_media":0,"parent":0,"menu_order":0,"comment_status":"closed","ping_status":"open","template":"","meta":{"footnotes":""},"class_list":["post-2","page","type-page","status-publish","hentry"],"_links":{"self":[{"href":"https:\/\/formmoules.fr\/index.php\/wp-json\/wp\/v2\/pages\/2","targetHints":{"allow":["GET"]}}],"collection":[{"href":"https:\/\/formmoules.fr\/index.php\/wp-json\/wp\/v2\/pages"}],"about":[{"href":"https:\/\/formmoules.fr\/index.php\/wp-json\/wp\/v2\/types\/page"}],"author":[{"embeddable":true,"href":"https:\/\/formmoules.fr\/index.php\/wp-json\/wp\/v2\/users\/1"}],"replies":[{"embeddable":true,"href":"https:\/\/formmoules.fr\/index.php\/wp-json\/wp\/v2\/comments?post=2"}],"version-history":[{"count":16,"href":"https:\/\/formmoules.fr\/index.php\/wp-json\/wp\/v2\/pages\/2\/revisions"}],"predecessor-version":[{"id":222,"href":"https:\/\/formmoules.fr\/index.php\/wp-json\/wp\/v2\/pages\/2\/revisions\/222"}],"wp:attachment":[{"href":"https:\/\/formmoules.fr\/index.php\/wp-json\/wp\/v2\/media?parent=2"}],"curies":[{"name":"wp","href":"https:\/\/api.w.org\/{rel}","templated":true}]}}